pose -14*p = -17*p + c. Suppose -r - p = -32. What is the units digit of r?
3
Let i be -1*(-31 - -1)*-4. What is the units digit of i/(-150)*4670/4?
4
Suppose 8*a + 48 = 16*a. What is the hundreds digit of 4070/(-15)*2*a/(-8)?
4
Suppose -4*g - g - 80 = 0. Let z(x) = 4*x**2 + 41*x + 19. What is the tens digit of z(g)?
8
Suppose -50000 = -44*m + 43*m + 2*w, 4*m - 200060 = -2*w. What is the units digit of m?
2
Suppose -261*m + 258*m - y + 91693 = 0, 0 = -2*m - 2*y + 61126. What is the tens digit of m?
6
Let j(x) = 12*x**3 + 13*x**2 - 71*x + 359. What is the units digit of j(11)?
3
Suppose 0 = -3*a - 10*a + 78. Let m(c) = a + 76*c - 6 - 1 - 3. What is the units digit of m(2)?
8
Let n(f) = -2*f + 36. Let r be n(12). Suppose -6 = 3*d - r. Suppose -d*y = 2*k + 2*k - 60, 0 = -k + 5. What is the tens digit of y?
2
Let k = 123 - 90. Suppose 3*i - 36 = -k. What is the units digit of i + 0 - 4 - 59/(-1)?
6
Suppose -2*r - r - 16 = -j, 2*j + 2*r = 32. Let p = j - 23. What is the units digit of p*1*4/(-14)?
2
Let s = -47 - -43. Let p be (900/16 - 0) + (-3)/s. Suppose 1245 = 11*u + p. What is the units digit of u?
8
Let d = 13305 - 2801. What is the ten thousands digit of d?
1
What is the thousands digit of ((-6404)/(-18))/((-116)/(-3741)) + (-2)/(-12)?
1
Let s(f) = 53*f - 249. Let d(k) = 54*k - 248. Let t(r) = 6*d(r) - 5*s(r). What is the tens digit of t(16)?
0
Let v = 60 + -55. Suppose -2*l = 5*i - 24, 4*l - v*i + 12 = -0*l. Suppose l*m - 3*y = 225, 5*m + 3*y - 554 = 2*y. What is the units digit of m?
1
Let g(y) = -236*y + 186. Let m be g(-21). Let b = -3516 + m. What is the units digit of b?
6
Let w(s) = 16*s**2 - 176*s - 528. What is the units digit of w(-36)?
4
Suppose 2*z = 0, 3*z + 0*z = -y + 512. Let a = y - 252. What is the hundreds digit of a?
2
Suppose -5*b - 5*z + 2498 = -6*z, 2*b - 1001 = z. What is the units digit of b?
9
Let f = -1899 + 8702. Suppose -13*o + 2583 = -f. What is the tens digit of o?
2
Suppose 0 = -76*f + 1334116 + 876192. What is the tens digit of f?
8
Suppose 3*u = 6*u, -5*u = -5*s + 1165. Suppose -7*n - 9 = -s. What is the hundreds digit of ((-8)/n*3)/((-2)/600)?
2
What is the tens digit of 6208/(-4 + 0)*(-1 + 4/(-2))?
5
Suppose 0 = -2*m - 2*j + 6, -m - 2*j - 1 = -3. Let n be 2 + (m - 3) + 10. Let x(v) = v**2 - 7*v + 8. What is the tens digit of x(n)?
8
Let z = 18750 + 1439. What is the thousands digit of z?
0
Let k(y) = 184*y**2 - 161*y + 124. What is the ten thousands digit of k(-10)?
2
Suppose 9*q = 8*q + 6769. What is the units digit of q?
9
What is the thousands digit of (-3 + 1 - -4718) + (-29 - -14 - -15)?
4
Suppose -16*a = -24*a - 24. What is the units digit of ((-1)/a*145)/((-81)/(-972))?
0
Let s(j) = -1010*j + 3318. What is the units digit of s(-12)?
8
What is the ten thousands digit of -10*(96/(-672) - (-44218)/(-7))?
6
What is the units digit of 874 - (-91)/(27 + -14)?
1
Let l be 3 - (8/(-32) + 1006/(-8)). Suppose 32 = -q + c, -2*q - 2*q + 5*c = l. Let s = q + 33. What is the units digit of s?
2
Let p(l) = -615*l + 2907. What is the ten thousands digit of p(-44)?
2
Let q(n) = 2*n**2 + 5*n - 41. Let d be (-21 - 2/1)/((-4)/24). Let s be ((-1)/3*-7)/(46/d). What is the tens digit of q(s)?
9
Suppose -q + 4*m + 121791 + 199833 = 0, 0 = 5*m - 20. What is the units digit of q/602 + ((-4)/14 - 0)?
4
Let o(l) = -5*l**2 + 578*l + 553. What is the hundreds digit of o(104)?
5
Suppose -12*d + 8892071 = 191*d - 4317748. What is the hundreds digit of d?
0
Let t = 31 - 11. Let o be (-9)/((-45)/t) + -43. Let r = -20 - o. What is the tens digit of r?
1
Let n(s) = 4*s - 36. Let i(o) = -o + 10. Let k be i(-2). Let v be n(k). Suppose -v*a + 436 = -8*a. What is the units digit of a?
9
Let g(m) be the first derivative of -m**4/4 + 2*m**3/3 - m**2/2 - 19*m + 2. Let p be g(0). Let u = p - -99. What is the units digit of u?
0
Suppose -41*p + 9*p + 701408 = 0. What is the units digit of p?
9
Suppose 353 = 4*f + 3*h, -3*h + 713 = 5*f + 271. Let g = f - 77. What is the units digit of g/16*32/6 - -12?
6
Suppose -903 = -3*w - 3*v + v, -5*w + 1505 = v. Suppose w*r + 887 = 302*r. What is the hundreds digit of r?
8
Suppose i + 6*v - 1052 = 0, 0*i + v = 5*i - 5291. What is the thousands digit of i?
1
Let x(t) = -t - 75. Let h be x(-37). What is the units digit of 95/h*14/(-5)?
7
Suppose 1532180 = 76*o + 278948 - 447496. What is the hundreds digit of o?
3
Let p(a) = -a**3 - 7*a**2 - a - 4. Let f be p(-7). Suppose -2*g = f*g - 50. Suppose -5*b + 105 - g = 0. What is the tens digit of b?
1
Suppose -297*p = -301*p + 8. Suppose 0 = -p*c - 138 + 248. What is the tens digit of c?
5
Suppose 2*f - 10 = 2. Let k be (-4)/f + 64/24. Suppose b - k*b + 83 = 0. What is the units digit of b?
3
Let r(d) = 2085*d - 114. What is the thousands digit of r(8)?
6
Suppose -782098 - 925710 = -30*g - 407998. What is the thousands digit of g?
3
Let q = 39822 - 26764. What is the hundreds digit of q?
0
Let i(w) be the second derivative of -347*w**5/20 + w**3/6 - 20*w. What is the units digit of i(-1)?
6
Suppose -3 = u - 1. What is the units digit of -2965*(u + 54/30)?
3
Let x(n) = -2*n**2 - 5*n + 19. Suppose 0 = -9*k - k - 70. Let h be x(k). Let b = h + 80. What is the units digit of b?
6
Let i(k) = 11*k**2 - 1 + 3 - 2*k - 9 + k**3 + 1. What is the tens digit of i(-8)?
0
Let o be (-12)/(-5 - -1)*(1133 + -2). Suppose -o + 486 = -3*a. What is the hundreds digit of a?
9
Suppose -3*g - 3*p = 579, -797 + 7 = 4*g - 5*p. Let h be (-2 + 186/(-9))*g/10. Let u = h - 316. What is the hundreds digit of u?
1
Suppose -590*q + 618 = -593*q. What is the tens digit of (1 + (-2882)/(-12))/(q/(-1236))?
4
Let h(i) = -1 + 43*i**2 - 21*i - 31*i + 53*i. What is the tens digit of h(2)?
7
Suppose 0 = -43*q + 95 - 9. Let p(x) = 23*x**2 - 10*x + 11. What is the units digit of p(q)?
3
What is the thousands digit of ((-21)/((-525)/5890))/(1/45)?
0
Let g(t) = 193*t**3 + 2*t**2 - 2*t + 1. Let a be g(1). Suppose k = -4*f + a, k - 124 = f + 85. What is the tens digit of k?
0
Let v(x) = 35 - x + 65*x**3 - 66*x**3 - x - 16*x**2 - 6*x. What is the hundreds digit of v(-16)?
1
What is the units digit of (6 - 9)*10/(-6)*(-8862)/(-15)?
4
Let w(v) = 26*v - 16*v - 7*v**3 - 4 - 4*v**2 - 18*v - 62*v**3 - 3. What is the tens digit of w(-2)?
4
Let p be 0 - 0*(-6)/(48/4). Suppose m - 667 - 352 = p. What is the thousands digit of m?
1
Let l = -171 + 176. Suppose -l*v - 4*r = -1742, -4*v = 4*r - 2*r - 1396. What is the tens digit of v?
5
Let r be (2 + 1)/(-9)*-25*3. Let a be 2/(2*(-1)/(-4)). What is the units digit of (r + -29)/((-1)/a*1)?
6
Suppose 72*d - 1448960 = 1443496. What is the ten thousands digit of d?
4
Suppose 0*w + 1 = w. Let h(t) = -t + 139*t + 32 - 28. What is the hundreds digit of h(w)?
1
Suppose -313 = 7*i - 4898. Suppose 4*y = -4*l - 141 + 641, 5*y - i = 5*l. Suppose -4*r - f = -y - 243, 182 = 2*r + 4*f. What is the tens digit of r?
9
Suppose 0 = -4*w - 5*u + 2336, -5*w + 3*u - 3 = -2886. Let d = 797 - w. What is the units digit of d?
8
Let y(p) = -4036*p - 31. Let d be y(-1). Let v = -2830 + d. What is the thousands digit of v?
1
Let f(y) = y**3 + 8*y**2 + 8*y + 8. Let c = -44 + 38. Let z be f(c). Let m = -30 + z. What is the units digit of m?
2
What is the tens digit of ((-5)/20 - 68487/(-12)) + 2?
0
Let l(i) = -20*i - 17. Let y be (-6*(-6)/(-9))/(0 - 2). Suppose -3*m = -4*d - 36, -4*m + 36 - 8 = -y*d. What is the tens digit of l(d)?
0
Let g = -18 - -21. Suppose g*i + 9 = 5*x + 5*i, -x - 2*i = 3. Suppose 0 = -x*h + 11*h - 632. What is the tens digit of h?
7
Let i(z) = 45*z + 387. What is the tens digit of i(11)?
8
Let r(w) = 49*w**2 - 7*w + 35. Let a be r(5). Suppose a = 2*i - p, -7*i + 2449 = -3*i - 3*p. What is the units digit of i?
3
Suppose 4*r = 4*j + 98598 - 39630, 4*r + 2*j - 58992 = 0. What is the tens digit of r?
4
Let u be 6/(1 + 4/8). Suppose y - 17 = 4*i - u*y, y - 7 = -i. Suppose i*g - 390 = -76. What is the units digit of g?
7
What is the units digit of (11217/(-5))/(13 - 1596/120)?
8
Suppose -3*g + 3*v - 6 = 4*v, 4 = -g - v. What is the hundreds digit of (-732 + (-2)/1)*g?
7
Let v = 264 + -261. Suppose -3*a = v*u - 1152, u - 1512 = -4*a + 5*u. What is the hundreds digit of a?
3
Let y = 22241 + 42133. What is the units digit of y?
4
Let o(r) = -r**2 + 16*r - 26. Let c be o(3). Suppose -2